ate 5 + 1 + -2 - (-30 + -46 - -85).
-5
Evaluate 0 - -4 - (7 + -6 + 13 + -6).
-4
-9 + 0 + 1 - (-2 - 13)
7
What is the value of 19 + -9 + 0 - (43 + (5 - 5))?
-33
What is the value of 5 - (-4 - (0 - (-15 + 8)))?
16
Evaluate 6 - (9 - 33 - (-14 + 2)).
18
What is -14 + 26 + -14 - 11 - -16?
3
What is 2 + -1 + -14 + 6 + (7 - 3)?
-3
16 + -17 + -18 + 20 + -4
-3
What is the value of 6 - ((-3 + -9 - -10) + 0)?
8
Evaluate -6 - (-4 + -5) - -3 - (13 - 3).
-4
7 - (7 - (7 + 12) - -6 - 8)
21
(11 + -10 - -22) + (8 - 14)
17
Calculate 17 + -2 + (-27 - -17).
5
Calculate -3 + 5 + -1 + 6 + 1 + 7.
15
Evaluate -1 + -3 - (7 - 14 - (13 + -7)).
9
Calculate 4 + (-30 - -29) + -20.
-17
Evaluate 23 + 28 + -50 + (-8 - 1) + -8.
-16
Calculate 6 - (4 + (-4 + -1 - 3) + 0).
10
What is 13 - (1 + 9 - (11 + (-7 - 1)))?
6
What is (16 - -21) + -22 + 5?
20
Evaluate -5 + 1 + (-8 - -7) + (10 - 9).
-4
Calculate 14 + (-43 - -25) - 24.
-28
What is the value of -36 + 8 - -35 - 13?
-6
Calculate -309 - -301 - (-2 - -24).
-30
What is the value of 3 - (0 + 4 + 9 - -3)?
-13
What is 22 - 1 - (-28 - -39 - 1)?
11
Evaluate -18 + 5 - -8 - (11 - (0 - -6)).
-10
Evaluate (-6 - -2 - 33) + -1 + 6 + 6.
-26
Calculate 4 + -3 - (3 + (-2 + 2 - -7)).
-9
12 - 4 - (-15 + 33 + -28)
18
What is 4 - 18 - ((11 - 31) + 13)?
-7
Calculate -3 - -3 - 3 - (-2 + 5).
-6
(7 + -9 + (11 - 6) - 25) + 7
-15
Calculate 0 + (-3 - -6) + 0 + -39 + 37.
1
What is the value of (-16 - -7) + (-2 - (-10 - 7))?
6
Evaluate (-16 - -31) + 0 + -34 + 1.
-18
What is 15 - (15 + (6 - 13)) - 26?
-19
What is the value of -145 + 153 + -1 + -16?
-9
(2 - 3) + -8 + (-78 - -91)
4
Evaluate (2 - -6) + -2 + -7 + (6 - -4).
9
What is 2 - ((0 + -6 - -19) + -8)?
-3
What is 3 - (4 + 1) - (-40 - -45)?
-7
Calculate -2 - (-8 + 8) - (1 - (-3 + 14)).
8
What is (-76 - (-33 + -56)) + (-16 - -1)?
-2
-6315 + 6301 + (-2 - 0 - -1)
-15
12 + 4 - 8 - (-10 + 1 - -3)
14
Calculate (-31 - -42) + -42 + (-2 - -20).
-13
What is 2 - 6 - (-3 + 6 - (1 - 19))?
-25
-10 + 7 + 16 + -1 + 1
13
39 - 31 - (-3 - -4) - -7
14
Calculate -1 + (-3 - (4 + -8)) + (7 - 10).
-3
What is -2 + 1 + (2 + 3 - -9) - -3?
16
(-22 - (26 + -68)) + -18
2
What is 3 + (5 - 10) + -10?
-12
Evaluate (10 - 8) + (4 - (5 + -5)).
6
Calculate -10 - (6 + 33 + -27).
-22
Evaluate 4 + (-13 - -8) + -1 - -6.
4
Calculate -16 - -9 - (19 + -17) - 11.
-20
Calculate -9 - (5 + 3 - (7 + 1)).
-9
Calculate 0 + (-10 - (3 + -19)).
6
What is the value of -6 + (3 - 6 - 0 - -13) + -5?
-1
Evaluate -19 + (-3 - -8 - (-18 + 16)) + -4.
-16
What is the value of -2 + 8 - (2 - (-9 - 1))?
-6
Calculate 6 + (7 + -2 - (5 + -1 - 1)).
8
What is -7 + (5 - 11) - -19?
6
Evaluate 0 - (28 - 4 - (-4 - (-6 + -7))).
-15
What is the value of -6 + 5 + 22 - 11?
10
Calculate -4 + (-5 - 5) - -2.
-12
What is (-1 - -5) + -19 + 12 - (0 - -1)?
-4
What is the value of (4 - -2) + 33 + (-34 - 15)?
-10
-10 - (-28 - (-23 + 4))
-1
(0 - 14 - -12) + 4 - 14
-12
What is the value of 25 - (40 - 36 - (1 + -10))?
12
Calculate 12 - (-12 - (-6 + -7)) - 12.
-1
What is 18 - (2 - -6 - (-8 + 7))?
9
What is the value of -7 + 1 + (-11 - -14)?
-3
What is 89 + -90 + -1 + (3 - -4)?
5
What is the value of -11 + (3 - (9 - (5 - 0)))?
-12
What is the value of 4 + 10 + 26 - 13?
27
Calculate 6 - (-12 - -19) - -5.
4
-9 - -3 - (1 - (6 - (-2 + 3)))
-2
8 + -4 + -17 + 22 - 7
2
Evaluate (-116 - -129) + (-4 - -2).
11
What is the value of 13 - (30 + 3) - -36?
16
What is 2 - (2 - (-9 - -17)) - -2?
10
What is the value of 5 + 1 - -1 - (64 - 65)?
8
-3 - (-8 + -1) - 9 - 9
-12
What is the value of 6 + -1 - (-1 - -16 - 8) - 4?
-6
Calculate -257 - -246 - (0 + -20).
9
What is the value of 9 + 0 + -41 + 2 - (0 + -12)?
-18
Evaluate -13 + (34 - 45) - -21.
-3
Evaluate 10 - (7 - (-10 - 5)).
-12
Evaluate 20 + -26 + 13 - 20.
-13
What is 2 + (-10 - (-16 + 1))?
7
Calculate 0 + -12 - ((-1 - 12) + -16 + 24).
-7
What is the value of (-76 - -35 - 6) + 72?
25
-97 + 96 - (-1 + -12)
12
What is the value of 3 - (6 + -5 - -1)?
1
(5 - (1 - -10)) + 7 + -2 - -6
5
0 - (-21 - (-24 - -29))
26
Calculate 0 - (1 - (2 + -1)) - (7 - -1).
-8
What is 3 + (-17 + 16 - -3)?
5
What is the value of -8 + (6 - 1 - (6 + 7 - 7))?
-9
Calculate 3 + (-3 - (18 - 8)).
-10
2 + -3 - ((0 - 6 - -13) + 2)
-10
Calculate 1 + (11 - (4 + -7 + 11)) + 1.
5
Calculate (-9 - -12) + 4 - (1 + 3) - 3.
0
Evaluate -6 + (19 - (5 + (0 - (-4 - -5)))).
9
-1 - (3 - -3) - (-249 + 234)
8
Evaluate 3 + -15 - (-1 + (-7 - 11)).
7
What is the value of -61 + 54 + -1 + -2 + -7?
-17
What is the value of -12 - (-2 + (11 - 18))?
-3
What is -12 + -1 + -320 + 356?
23
What is the value of -29 + -14 + (14 - -17)?
-12
What is -4 + (4 + -3 - (-5 + 3 + -5))?
4
What is 19 - (13 + 5) - -16?
17
16 + -13 - (1 - 22)
24
What is the value of -7 + 0 + (-51 - -58) + -6?
-6
What is (87 + -33 - -2) + 1 + -16?
41
Evaluate 2 - (0 - 0) - ((-14 - -19) + -9).
6
Evaluate 1 - 8 - (74 - 76).
-5
25 - ((-1 - 2) + 13) - (5 + -1)
11
7 - 18 - (2 + -7) - (7 + -6)
-7
Evaluate -14 + 4 + (11 - 7) + -4.
-10
What is -16 + 11 + -7 + -12 + 1?
-23
5 - 0 - (14 + -2 - 4 - -2)
-5
What is the value of (-3 - -3) + 5 + (-10 - 12)?
-17
Evaluate 18 + -23 + -4 - (-24 - 0).
15
10 - (-8 + -10) - 17
11
What is the value of 129 - 127 - (-8 + 3 + -2)?
9
What is -64 - -61 - (8 - 2 - -1)?
-10
What is the value of (3 - (-30 + 37)) + -24?
-28
Evaluate 0 + 5 + 21 + -26 - -16.
16
8 - (-8 - (3 - 13))
6
Calculate 16 - 27 - (6 + -58 + 16).
25
Evaluate -2 - (2 - 5 - 3) - (12 + 1).
-9
What is (13 + 15 - (16 + 1)) + -39?
-28
What is the value of -13 - (-46 - (3 + 11 + -24))?
23
What is the value of (34 - 34) + 7 + -20?
-13
What is (1 - 1 - -8) + -148 + 144?
4
What is the value of 1 - -1 - -5 - (-7 - -21)?
-7
What is the value of (40 + -51 - -15) + (1 - 34)?
-29
What is (-34 - -1) + -104 + 109?
-28
What is the value of -114 + 124 + (8 - (6 - 4 - 5))?
21
Evaluate (-6 - -5) + -3 + -1 + (-12 - -18).
1
What is 6 + -10 + 16 - 8?
4
Evaluate (-1 - (0 + -10)) + -19 - -18.
8
Calculate -8 - (-12 + 9 + -1 + -1 + 7).
-10
Calculate 16 + -35 - (-34 + (5 - 10)).
20
Calculate 3 - 2 - 0 - (20 - 6).
-13
Evaluate (9 - -16) + -11 - (3 - (2 + -6)).
7
What is (4 - (-14 + 4)) + -26 - (-7 + 0)?
-5
What is -7 - (2 + -1) - (-9 - (-18 + 11))?
-6
Evaluate 3 - -9 - (0 - -18).
-6
Calculate -23 + 7 + 30 + 1 + -10.
5
What is the value of (2 + 3 + 0 - -1) + -14?
-8
-10 - (3 - 13) - (6 + 8)
-14
Calculate 1 + 8 - (-11 - -2 - 0 - -6).
12
(18 - (17 - 5)) + 5
11
Calculate ((-2 - 8) + 8 - (4 + -4)) + 8.
6
Evaluate 5 + -13 - (-3 - 7 - -16).
-14
What is the value of 15 + -51 + (26 - -4)?
-6
Evaluate -2 - -5 - (-2 - -1 - (28 + -30)).
2
(-24 - (-32 - -26)) + 23
5
-2 + (-5 - 0) + -9 + (9 - -7)
0
Evaluate 15 - (38 - (-21 + 34)).
-10
Calculate 8 + (14 + -1 - -9) - 18.
12
Calculate 231 - 243 - (-4 - 0).
-8
Evaluate (0 + 9 - (-213 + 221)) + 8.
9
(-2 - (14 - 6)) + 7 + -2 - 12
-17
Evaluate -5 - (-9 + -3 + 5 - -12).
-10
Evaluate 9 + -33 + 24 + (15 - 1).
14
-10 + 0 - (101 - 89 - (1 - -6))
-15
What is the value of -9 + 8 + (3 - 7 - 7) + 0?
-12
What is 0 + 7 - (7 + (-17 - -9 - -18))?
-10
Calculate (-2 - -1 - -10) + (2597 - 2602).
4
Calculate (12 + -34 - 3) + 10.
-15
What is the value of -19 + (3 - 1) + (14 - (-11 + 23))?
-15
-10 - (16 - 25) - (-7 - -1)
5
What is the value of (12 + (-2 - 18) - -7) + (12 - -1)?
12
Evaluate -11 - (13 + (3 - 10)).
-17
What is (24 + 5 - 8) + -6 - -1?
16
Evaluate 6 - ((5 - 2) + -1 + -2 - 5).
11
(-24 - 2) + -354 + 355
-25
11 + -23 + 42 - (-1 - -10)
21
What is the value of (9 - 8) + (-1 + 3 - 4)?
-1
Calculate (10 - (1 - -5)) + -32 + -13 + 7.
-34
Evaluate 12 + 21 + 5 + -25.
13
4 + (-2 - 4) + (3 - -1) + 8
10
What is the value of -15 - (5 + 8 - 16)?
-12
What is the value of -2 + -9 + -19 + 40?
10
Calculate 19 - 58 - (-35 - -18).
-22
Evaluate 46 - 26 - (1 + 1).
18
What is the value of (-26 - (-96 - -51)) + 0 + 6?
25
(-4 - -3 - 11) + -4 + 10
-6
Calculate -43 + (5 - ((-3 - (-4 - 5)) + -6)).
-38
What is (7 + 12 + -16 - (10 + 0)) + -7?
-14
What is 17 + -17 - -15 - (-2 + 6)?
11
Evaluate -13 + 20 - (2 - (12 + -5)).
12
What is 0 - -6 - 1 - (-94 - (-50 + -39))?
10
What is the value of 3 + (-11 - (-9 + 2)) - 6?
-7
What is (4 - -2) + (-17 + -1 - -13) - -1?
2
Evaluate (13 - -3) + (42 - (-30 - -71)).
17
Calculate (-1 - (2 + -3) - -1) + 85 + -89.
-3
(7 - 12 - (-25 + 3)) + -11
6
What is the value of 12 + (-8 - 